and g.
14
Let y(g) = -g**2 - 2*g + 3. Let s be y(4). Let q = s - -50. Calculate the highest common factor of q and 116.
29
Let n(d) = 28*d**3 + d**2 + d - 5. Let q be n(2). What is the greatest common divisor of 25 and q?
25
Suppose 2*s - 4 = 0, -2*s = w - s - 4. Suppose -w*l = 2*l - 1180. Suppose 4*c = -f + 187, 735 = 5*f + c - l. Calculate the greatest common divisor of f and 23.
23
Suppose -623*u + 140 = -622*u. What is the highest common divisor of 20 and u?
20
Let t be 1 - -38 - (62 + -53). Calculate the highest common divisor of 3030 and t.
30
Suppose -64 + 204 = 2*f. What is the greatest common factor of f and 630?
70
Let f be 168/(-162)*-60 - 6/27. Calculate the greatest common factor of 341 and f.
31
Let i = -1207 - -1247. Calculate the greatest common divisor of 860 and i.
20
Let w be (-14)/5*35/(-21)*-3. Let i = w - -56. Let a be -2*(-1 - 19/2). What is the greatest common divisor of i and a?
21
Let l = 20 + -13. Let f(k) = k**3 + 15*k**2 - 18*k - 29. Let m be f(-16). Suppose m*s = -0*s + 168. Calculate the greatest common divisor of s and l.
7
Let l = 314 - 242. What is the highest common divisor of l and 90?
18
Suppose -4*m = -2*u - 16 - 54, 0 = 2*m + 2*u - 50. Calculate the greatest common divisor of 290 and m.
10
Suppose -60*u + 25902 = -12798. Calculate the highest common divisor of u and 15.
15
Let j = -19 - -29. Let h be 8/6*165/j. What is the greatest common factor of 33 and h?
11
Let l = 12 + 5. Let d = l + -15. Let s be (0 + 0)/1 + 1. Calculate the highest common divisor of s and d.
1
Let m = 831 + -467. Calculate the greatest common divisor of m and 7.
7
Let w be 144/15 - (-2)/5. Suppose 0 = -2*m + 9*m - 70. What is the greatest common factor of w and m?
10
Let i(v) = v**2 - 9*v + 32. Let z be i(7). Calculate the greatest common divisor of 27 and z.
9
Suppose 3*a + 5*r = 420, -3*r + 492 = 5*a - 192. Let p(c) = c**3 - 3*c**2 + 6*c - 9. Let g be p(3). Calculate the highest common divisor of g and a.
9
Suppose 4*w - 9*w + 3*k = -1455, 2*w - 591 = 3*k. What is the greatest common divisor of w and 45?
9
Let f(x) = 8*x**2 + x - 4. Let j be f(-2). What is the greatest common factor of j and 1534?
26
Let j be (-1)/6 - (-2)/12. Let d be ((-24 - j)/(-4))/(-1). Let u be 2/d - (-10)/3. What is the greatest common divisor of 15 and u?
3
Suppose -10*h + h = 0. Suppose -28 = -h*w - 4*w. What is the highest common factor of w and 49?
7
Let x(p) = -9*p - 20 + 11*p - 10*p. Let d be x(-9). Calculate the highest common factor of d and 13.
13
Suppose -21 = -5*g + 14. What is the greatest common factor of g and 49?
7
Let u = 18 + -10. Suppose -4*t - u = -3*b - 2, b - 2 = -3*t. Suppose -3*r + 2*m + b = -15, 5*m = -r. What is the highest common divisor of 45 and r?
5
Let a(y) = 3*y + 18. Let r be a(-6). Suppose 4*c - 79 = -r*c + 3*q, 2*c + 2*q - 22 = 0. Calculate the greatest common divisor of 16 and c.
16
Suppose 49*a - 3901 = 19. Calculate the highest common divisor of 72 and a.
8
Suppose 0 = p + 5*k - 20, -69 = -5*p + k - 21. What is the greatest common divisor of p and 270?
10
Let q(s) = 4*s + 35. Let a be q(0). What is the greatest common divisor of 140 and a?
35
Suppose -5 = -0*s - 5*s. Let o = s + 4. What is the highest common factor of 1 and o?
1
Suppose -3*p - 2 = -4*p. Suppose 3 = -p*v + 13. What is the greatest common factor of v and 20?
5
Suppose 355 = 4*s - y, -2*s - 3*y + 27 + 140 = 0. Let p(v) = v**2 - 2*v - 4. Let b be p(5). Calculate the greatest common divisor of s and b.
11
Suppose -18 = -m - 4*a, 1 = -4*m + a + 5. Let u(x) = 0*x**2 - 4 - x + 5*x + 2*x**m. Let d be u(-5). Calculate the greatest common factor of d and 13.
13
Suppose -3*q = -s - 11 - 2, 0 = 5*s - 2*q + 65. Let d = 26 + s. Suppose 0 = 2*y + 1 - d. Calculate the highest common factor of y and 18.
6
Suppose -4*l - 5*p = -20, -l - 3*p - 6 = -4. What is the highest common divisor of 2 and l?
2
Let b = -180 - -232. Let m = 6 - 3. Suppose -11 = -m*t - 3*p + b, -48 = -2*t - 4*p. Calculate the highest common factor of 54 and t.
18
Suppose -5*j - 3*i = -78 - 12, i = -3*j + 50. Suppose -n = -6*n + j. Let z = 16 - n. Calculate the highest common divisor of 39 and z.
13
Suppose 22*y = 19*y + 576. Calculate the greatest common divisor of 12 and y.
12
Suppose 686 = 5*u + 2396. Let c be u/(-8) - 6/8. What is the highest common factor of c and 21?
21
Suppose -4*q - 23 + 663 = 0. What is the greatest common divisor of q and 40?
40
Suppose c - 3 = 42. Suppose 12*n = 7*n + c. Calculate the greatest common factor of 3 and n.
3
Suppose 0 = 3*i + 3*l - 24 - 12, l = i - 18. Suppose i*p = 3985 + 305. What is the highest common factor of p and 26?
26
Suppose 12 + 261 = 4*s + 3*t, t - 283 = -4*s. What is the highest common factor of s and 24?
24
Let u(a) = -45*a + 315. Let q be u(-20). What is the highest common divisor of 15 and q?
15
Suppose 0 = -12*r + 2673 + 2979. What is the highest common factor of 3 and r?
3
Let w = -246 - -390. What is the highest common divisor of w and 9?
9
Suppose 39 = 17*d - 97. Suppose -37 = -3*l + 11. What is the highest common factor of d and l?
8
Let h = -265 + 518. What is the highest common divisor of 23 and h?
23
Let i be (-1 + 2)/(4/1124). Suppose 5*k + i + 64 = 3*w, -w + 129 = 3*k. Calculate the highest common divisor of w and 24.
24
Let n = -24 - -104. Calculate the highest common divisor of 5 and n.
5
Let a(b) = 2*b**2 - 7*b + 322. Let c be a(0). What is the highest common factor of 92 and c?
46
Let s(j) = -j**2 + 43*j + 108. Let l be s(40). What is the highest common factor of l and 12?
12
Let r be (-2 - -4) + 12 + 474/(-79). Suppose -23 = -o - 3*t + 3, 2*t + 76 = 4*o. What is the highest common divisor of o and r?
4
Let u be 10/(-30) + (-26)/(-6). Suppose 4*w + 5*i - 30 = 0, -w + 3*w - u*i = 2. What is the highest common factor of w and 15?
5
Suppose -4*u + 0*s + 28 = 5*s, 2*u = 4*s + 40. Let h be (-12)/9 + 232/u. Calculate the highest common factor of h and 36.
18
Suppose 5*m + 224 = 34. Let j = -24 - m. Let a be (11/((-33)/294))/(-1). Calculate the highest common divisor of a and j.
14
Let q(t) = 2*t**3 - 3*t**2 - 7*t - 3. Let w = -90 + 94. Let p be q(w). Calculate the greatest common divisor of p and 14.
7
Suppose -3*d + 5*b = 4, 2*d = -0*d - b + 6. Let u(m) = d + m + 5 - m + m. Let x be u(11). Calculate the greatest common factor of 9 and x.
9
Suppose -4*d = -88 - 12. Let u = d - 12. Let s be (23/69)/((15/(-117))/(-5)). Calculate the highest common factor of s and u.
13
Let x be ((-11)/(-1))/(4 - 3). Let n = -132 - -165. What is the highest common factor of x and n?
11
Let u be -3*1*210/(-45). What is the highest common factor of u and 56?
14
Let n be (-70)/(-8) + 9/(-12). Let z(c) = 9*c + 16. Let x be z(n). Calculate the highest common divisor of x and 11.
11
Suppose -3*r + 7 = -4*o, o = 3*r - 9 - 4. Let x be (108/(-10))/((-2)/r). Calculate the highest common divisor of 18 and x.
9
Suppose 18 = 2*a + 5*n, 0*n - 4*n = a - 15. Let z be a/3 + (-82)/(-3). What is the highest common factor of 18 and z?
9
Let u(m) = m**3 + 2*m**2 - 6*m + 13. Let f be u(-4). Suppose -v + 66 = f*v. What is the greatest common divisor of 99 and v?
11
Let p = 117 - -72. Let d = -69 + p. Suppose 4*c + 18 = s - 12, -4*s - 5*c = -d. What is the highest common factor of 5 and s?
5
Let n(p) = -6*p - 12. Let y be n(-6). Let z be 2*1*(-1 + 5). Calculate the highest common divisor of z and y.
8
Suppose c - 5*c = 2*z - 152, c + 142 = 2*z. What is the greatest common divisor of 1152 and z?
72
Suppose -481 = -3*l - 5*l + 95. Suppose 3*k = -2*k + 240. Calculate the highest common factor of k and l.
24
Let z(b) = 3*b**2 - 3*b - 2. Let r be z(-2). Suppose -10*f = -8*f - 6. Suppose 0 = y + f - 35. Calculate the greatest common divisor of r and y.
16
Suppose -3*b - 231 + 507 = 0. Let k(v) = -4*v**2 + 4*v - 6. Let y be k(4). Let p = y + b. Calculate the greatest common factor of p and 152.
38
Let r(y) = -y**2 + 5*y - 4. Let o be r(3). Let f(d) = -12*d - 20. Suppose 6*j + 10 = j. Let s be f(j). Calculate the greatest common divisor of s and o.
2
Let n be (-2)/(-10) + 5104/55. Suppose -2*k + 2*y + 442 = 2*k, 3*y = -k + n. Let l(j) = -j + 3. Let s be l(-9). Calculate the greatest common factor of k and s.
12
Let i = 59 - 90. Let c = -18 - i. Suppose 3*x - 8 = 31. What is the greatest